 = 6*j + 6. Let b be v(7). Let t be b + (3 - 12)/3. Suppose -19 - 46 = -4*f - 5*o, -3*f + t = 5*o. What is the units digit of f?
0
Let d = 192 + -106. Suppose d = 3*b + 281. Let g = b + 108. What is the units digit of g?
3
Let k = -612 + 185. Let s = 805 + k. What is the units digit of s?
8
Let h = 204 - 111. What is the units digit of h + (-2)/(1 + 1)?
2
Let o(a) = -4529*a - 214. What is the tens digit of o(-1)?
1
Suppose 114 + 943 = i. Suppose 5*y - i = 148. What is the units digit of y?
1
Suppose -4*o = -15144 - 84. What is the tens digit of o?
0
Suppose -144 - 220 = -2*q. What is the hundreds digit of 453*(q/21 - 6)?
2
Suppose -12*d - 52638 = -6*d. Let h = d - -5635. What is the units digit of 28/98 - (h/14)/3?
5
Suppose 0 = -2*k - 3*b + 16, 0*b + 18 = 3*k + 3*b. What is the hundreds digit of (-247 - (k - 5 - -2))/(-1)?
2
Let i(m) = 2820*m - 698. What is the tens digit of i(8)?
6
Let r = -18 - -20. Suppose 3*s = -0*j + 3*j + 87, r*s - 63 = 3*j. Let g = 33 + s. What is the units digit of g?
7
Let w = 43802 + -23813. What is the hundreds digit of w?
9
Suppose -1863 = -5*s + 2*z + 59, s = 3*z + 387. Let y = s - 242. What is the tens digit of y?
4
Suppose 97*w - 629460 + 161198 = 589232. What is the units digit of w?
2
Suppose 2*i - 15 = -3*i. Suppose 3*t - 2*t = 3. Suppose 107 = 4*j + t*w, i*j - 3*w + w - 59 = 0. What is the units digit of j?
3
Let j(o) = -2*o**2 - 20*o - 1. Let l be j(-10). Let h(i) = -i**2 - i - 14. Let a be h(0). What is the units digit of l - 675/(-21) - (-2)/a?
1
Let x(k) = -850*k - 4110. What is the tens digit of x(-17)?
4
Suppose 32 = -3*k - 40. Let y = 29 + k. Suppose -11*l - 2*o + 332 = -7*l, 3*l - y*o = 262. What is the tens digit of l?
8
Let a(d) be the second derivative of 5*d**7/504 + d**6/180 - d**5/60 + d**4/3 + 30*d. Let v(q) be the third derivative of a(q). What is the units digit of v(1)?
7
What is the thousands digit of (12/2)/(46/56005)?
7
Let z = 75 + 50. Suppose 0 = -5*n - f + 86 + 93, -3*n - 5*f = -z. Let l = n + 7. What is the tens digit of l?
4
Suppose -3*p = -3*g + 5 - 8, 13 = p + 3*g. Suppose -p*o = -29 - 979. What is the tens digit of o?
5
Let g = 39 - 29. Suppose -g*t + 46 = 16. Suppose 0 = -t*n - 5*r + 325, 400 = 4*n + 2*r - 38. What is the units digit of n?
0
Let p(t) = 1163*t**2 - 288*t + 14. What is the ten thousands digit of p(6)?
4
Let j = 56416 + -13106. What is the thousands digit of j?
3
Suppose 127*z = 126*z + 2*q + 14285, 3*q - 71490 = -5*z. What is the ten thousands digit of z?
1
Let j = -193 - -193. Suppose j*p = 5*z + 2*p - 1667, z - 4*p - 351 = 0. What is the units digit of z?
5
Suppose 64*x - 65*x = -4280. Let s be (-1)/((-4)/x) - -1. Suppose 9*h = 16*h - s. What is the units digit of h?
3
Let a(w) = -90*w + 13. Suppose 0*z + 4 = -2*u - 4*z, -3*z = 6. Let n be a(u). Let y = -65 - n. What is the hundreds digit of y?
1
Let d(a) be the first derivative of a**4/4 + 3*a**3 - 3*a**2/2 + 15*a - 1646. Suppose 0*q - 8 = q. What is the tens digit of d(q)?
0
Let o(s) = 16653*s + 3035. What is the hundreds digit of o(2)?
3
Let u = 19281 + -4962. What is the ten thousands digit of u?
1
Let z be ((-9126)/(-9) - -8) + 4*-1. Let t = z - -255. What is the units digit of t?
3
Suppose 5*f - 3*m - 25 = 0, -2*f + 0*m + 10 = -4*m. Suppose -6*y + 23 - f = 0. Suppose 0 = -5*k, y*h - 6*h + 4*k + 204 = 0. What is the tens digit of h?
6
Let l = 1934 - -3128. Suppose y - 2*b = 1260, -4*y + l = -2*b + 5*b. What is the tens digit of y?
6
What is the tens digit of -76*((-4688)/32 - 14)?
9
Let a = 896 + 31717. What is the units digit of a?
3
Let q = 390 + -682. Let j = 15 - q. What is the tens digit of j?
0
What is the ten thousands digit of ((-57524)/(-6))/((-168)/(-36) + 1*-4)?
1
Let r(a) = 183*a**2 + 5*a - 22. What is the hundreds digit of r(5)?
5
Let a(h) = -h**2 + 20*h - 49. Let f be a(14). What is the tens digit of 489 - (f/105)/((-1)/(-6))?
8
Let i be (2898/(-70))/((-3)/(-15)). Let j = 430 + i. Suppose -226*o = -j*o - 675. What is the units digit of o?
5
Let n(h) = 8*h + 40. Let v be n(-4). Suppose v*z - 2203 = 2613. Suppose -541 = -3*t - 4*l, 5*t - 311 = -l + z. What is the units digit of t?
3
Let s(o) = 89*o**3 + 6*o**2 + 12*o + 11. Let k be s(-5). What is the units digit of 1/3 - k/48?
0
What is the tens digit of (-48)/88 + 1519890/319?
6
Let k(h) = h**3 + 7*h**2 - 96*h - 9. Let p be k(7). Suppose -t + 45 = -2*i, p*t = 4*t + 5*i + 39. What is the tens digit of t?
4
Let i = -1920 + 27838. What is the ten thousands digit of i?
2
Let u be ((-1990)/10)/((2/(-4))/(12/8)). Let m = -1290 + 892. Let w = m + u. What is the hundreds digit of w?
1
Suppose -3*z + 1199 = -1645. Suppose -z = -28*r + 27*r. What is the tens digit of r?
4
Let j = -19 - -25. Suppose -j*x + 0*x + 672 = 0. Let c = 185 - x. What is the units digit of c?
3
Suppose 4 = x - y, 2*x + 3*x = -5*y + 20. Suppose 4*m + 3 + 19 = r, -5*m - 33 = -x*r. Suppose -12*d + r*d = -30. What is the units digit of d?
3
Let v(p) = 1954*p**2 + 8*p + 4. What is the thousands digit of v(1)?
1
Suppose -360*b + 9 = -363*b. Suppose -114 = -0*a + 3*a. What is the units digit of (-3*a/b)/(-2)?
9
Let g(c) = 524*c + 1151. What is the hundreds digit of g(22)?
6
Let d(s) = -s**3 + 6*s**2 - s - 15. Let l be d(5). Suppose -3*f + 19 = 4*i, -l*i = 4*f - 5*f - 19. What is the hundreds digit of ((-6)/i)/(12/(-856))?
1
Let d(b) = -b**2 - 53 + 119 - 2*b**3 - 2*b + 3*b + 251. What is the hundreds digit of d(0)?
3
Suppose -u + 0*u = d - 3, 0 = -5*d - 3*u + 9. Suppose -w + 3*w - r - 8 = d, w + 3*r = 4. What is the tens digit of (-5632)/(-80) + w/(-10)?
7
Let f be 1/((-11300)/1615 + 7). Suppose -20*n = -7063 + f. What is the tens digit of n?
3
Suppose -6*o - 23994 = -4*o. Let j be 6/(-16) - o/(-72). Let g = -115 - j. What is the tens digit of g?
5
Let y = -350 - -347. What is the units digit of y/(-2) + 52955/70?
8
Let w be 2/(-11)*-11*1815/(-2). What is the tens digit of w/(-18) + 18/108?
0
Suppose -2*r + 15760 = -4*c, 36*c + 23650 = 3*r + 35*c. What is the tens digit of r?
8
What is the units digit of (-1 - (-83)/2)*106280/60?
9
Let g = 396 + -202. Let w = -65 + g. What is the hundreds digit of w?
1
Suppose -2*l + 4*v + 28088 = 0, 2*v - 4573 = 2*l - 32673. What is the hundreds digit of l?
0
Suppose g = -2*q + 655, 19*q + 987 = 22*q - 3*g. Suppose -q*x + 2814 = -322*x. What is the hundreds digit of x?
4
Let a be ((-5 - -4) + 5)*-2. Let u be (4/a + 2)*8/(-3). What is the tens digit of (-302)/u - (-11)/22?
7
Suppose p = 5*p - 84. Let i(a) = -a**3 + 42*a**2 - 58*a + 20. Let c be i(40). Suppose -26*x + p*x = -c. What is the hundreds digit of x?
1
Suppose -337077 = -94*q + 2009633. What is the tens digit of q?
6
Suppose -5*u = j - 115, 102 = 4*u + 4*j + 26. Suppose 15*n = u*n - 3042. What is the units digit of n?
8
Let d be (1 + 5 + 63)*1. Suppose 0 = -d*n + 67*n + 304. What is the units digit of n?
2
Suppose -239531 - 68269 = -49*z + 189648. What is the thousands digit of z?
0
Let l = -340 - -427. What is the hundreds digit of 751 + ((-232)/l - 4/(-6))?
7
Let t(n) = n**3 - 58*n**2 - 1157*n + 195. What is the ten thousands digit of t(78)?
3
Let k = 32 - 13. Let d(h) = h**3 - 19*h**2 + h - 18. Let c be d(k). What is the units digit of 2/(c/(-231)*-6)?
7
Suppose -3*b = -c - 33435, -6*c + 3*c - 55721 = -5*b. Suppose -32*g = b - 72714. What is the tens digit of g?
2
Let t be (-584)/14 + 14/(-49). Let k = -39 - t. Suppose -5*g + k*l - 2*l + 381 = 0, 2*l = -2*g + 150. What is the units digit of g?
6
Let w(j) = 105*j + 7. Let f be w(2). Let n = 190 - 285. Let k = n + f. What is the units digit of k?
2
Suppose 8 + 0 = 4*o. Suppose o*x + 3*x = 0, 3*x + 2284 = 2*z. What is the tens digit of z?
4
Let z(k) = 2*k + 10. Let w be z(-5). Suppose 4*y - 2*f = 2, -3*f - 3 + w = -y. What is the units digit of 10 - (-3 + y - -4)?
9
Let l(h) = 800*h + 21 - 801*h + 5. Let b be (-1 - 16) + -1 + 1. What is the units digit of l(b)?
3
Let r = 24154 + 18515. What is the hundreds digit of r?
6
Suppose -156*k + 63*k + 97942 = -80*k. What is the units digit of k?
4
Let w be (13670/25)/((-12)/30). Let x = -705 - w. What is the units digit of x?
2
Let z = -2003 + 13569. What is the thousands digit of z?
1
Suppose 4*r + 1231 = -5*g, 21*g = r + 23*g + 307. Let l = 431 - r. What is the hundreds digit of l?
7
Suppose 29 =